1101101110111001 (base 2) to base 10
-383929
What is 123b27 (base 14) in base 12?
26189b
What is 2550207 (base 9) in base 14?
282d65
Convert -32131021110 (base 4) to base 5.
-1432230041
Convert -5265482 (base 9) to base 3.
-12022012112202
14b11c (base 14) to base 6
23250034
Convert -20340102 (base 6) to base 5.
-122312142
Convert -11102111011 (base 3) to base 4.
-111101002
-13302020440 (base 5) to base 15
-17267b5
Convert 1010100110011110011 (base 2) to base 10.
347379
What is 37762 (base 13) in base 9?
165324
What is 2312211120 (base 5) in base 8?
23641447
37419 (base 13) to base 16
18d80
-c72b65 (base 14) to base 11
-3887827
Convert -116763 (base 8) to base 10.
-40435
Convert 93912 (base 11) to base 13.
4a3b0
What is -120212210011 (base 3) in base 14?
-81cb5
-4979ab (base 15) to base 14
-6785a8
What is -53906a (base 12) in base 7?
-14144143
-2461524 (base 8) to base 10
-680788
What is -100101000111101111 (base 2) in base 10?
-152047
What is -1502474 (base 9) in base 7?
-10020361
-2321211431 (base 5) to base 10
-5257116
-433244213 (base 5) to base 14
-363454
-54536313 (base 7) to base 12
-1699430
What is -121200102112110 (base 3) in base 15?
-ba1d59
Convert 501515 (base 9) to base 6.
10204105
What is 35a38 (base 11) in base 14?
14c61
Convert -134311024 (base 5) to base 9.
-1272874
Convert 1111000110100110 (base 2) to base 15.
134e2
Convert 1331224121 (base 5) to base 8.
14717374
What is 41725021 (base 8) in base 4?
201322220101
What is 76b19 (base 12) in base 4?
212113011
Convert -624302 (base 8) to base 12.
-9b996
-1024113001 (base 5) to base 16
-213401
Convert 2220032412 (base 5) to base 3.
100010012102211
What is 31100514 (base 7) in base 3?
11220100212010
Convert -10010001001010000110010 (base 2) to base 6.
-245540550
-795f6c (base 16) to base 12
-27b7210
-1000100101000111010 (base 2) to base 12
-11684a
-53936 (base 14) to base 5
-22431444
Convert 11001100000110001100010 (base 2) to base 14.
c61390
-18dd16 (base 14) to base 7
-10336326
Convert 34aec7 (base 15) to base 11.
146a65a
Convert 231333323 (base 4) to base 7.
1413206
Convert d6714 (base 14) to base 15.
a33e2
-a2b2 (base 12) to base 11
-12333
Convert -1681aa1 (base 11) to base 7.
-33201222
What is -9499 (base 10) in base 8?
-22433
What is -200102211112001 (base 3) in base 16?
-9584d4
Convert 2101001 (base 5) to base 15.
a351
-3443221 (base 5) to base 6
-1200251
237a6 (base 15) to base 9
182133
Convert 176072a (base 11) to base 6.
144011403
Convert 112010022 (base 4) to base 12.
44376
-20222202000 (base 3) to base 11
-94414
Convert -2311102121 (base 4) to base 9.
-1351528
What is -23112200012 (base 4) in base 5?
-1230211000
283c58 (base 13) to base 7
11220314
5327851 (base 11) to base 4
203302023211
Convert -5575a35 (base 11) to base 10.
-9773450
Convert 403132122 (base 5) to base 2.
110001010001101000110
Convert -1113330100 (base 4) to base 11.
-2266a2
-914256 (base 11) to base 14
-2a3887
Convert -1042463 (base 7) to base 8.
-372264
Convert -422232002 (base 6) to base 12.
-2585602
1100111001011001 (base 2) to base 15
109ba
-121221102111 (base 3) to base 15
-68c0d
What is 2889395 (base 10) in base 9?
5383448
What is -14178724 (base 9) in base 14?
-d0a4dc
What is -1274ff (base 16) in base 13?
-334751
Convert -215252 (base 8) to base 5.
-4303422
2689a6 (base 11) to base 13
119cb3
Convert 1157411 (base 10) to base 11.
720642
Convert -5716 (base 12) to base 13.
-4527
What is 56106557 (base 8) in base 12?
40733a7
What is -c1265d (base 16) in base 10?
-12658269
Convert 1691bdc (base 14) to base 4.
222113233312
-425421 (base 6) to base 10
-34933
211232233 (base 4) to base 7
1212364
What is 2221120000200 (base 3) in base 14?
2ca94a
Convert 27a440 (base 11) to base 9.
737361
-114408 (base 11) to base 2
-101100010100000100
47336135 (base 8) to base 13
21ac2b7
Convert -63606a2 (base 11) to base 2.
-101010101110101010110011
What is 7cbc1 (base 13) in base 5?
24301212
What is 4ddb82 (base 16) in base 11?
2975616
Convert -129093 (base 10) to base 13.
-469b3
What is 7517163 (base 10) in base 12?
2626263
What is 222011210212111 (base 3) in base 15?
134c1b1
What is 23102123102 (base 4) in base 8?
13223322
What is -12032152 (base 7) in base 13?
-2b476a
-111010101011100111 (base 2) to base 12
-b711b
Convert 99991 (base 16) to base 11.
39a753
-1544217 (base 10) to base 12
-625789
Convert 1352084 (base 12) to base 8.
16513344
Convert -34210132 (base 7) to base 10.
-2977312
Convert 147aa (base 11) to base 12.
10144
What is 547a2 (base 12) in base 11?
76a36
-4abbb3 (base 12) to base 10
-1223415
-204a8 (base 15) to base 2
-11000111110100100
-231392 (base 10) to base 4
-320133200
Convert -682276 (base 15) to base 13.
-104c6a0
Convert 54101540 (base 6) to base 14.
2d712c
-4233224440 (base 5) to base 14
-1273408
155215221 (base 6) to base 3
20021012201011
What is -110101111110000100 (base 2) in base 3?
-102020020102
What is a8926f (base 16) in base 6?
1032441555
What is 123122344 (base 5) in base 10?
598474
Convert -363326 (base 7) to base 6.
-1225355
-20110120011 (base 3) to base 15
-27a8a
-607d26 (base 14) to base 5
-1312424414
-19335 (base 16) to base 12
-4b899
Convert 1608833 (base 9) to base 2.
11011001110101010101
What is -2202626 (base 7) in base 2?
-1000001111001011000
101110011111 (base 2) to base 11
2265
Convert -46e9 (base 16) to base 14.
-6889
What is -74453a (base 13) in base 9?
-5110200
4602a6 (base 14) to base 15
320d20
-9649d (base 16) to base 10
-615581
What is 227a81 (base 15) in base 14?
30bbd2
What is -47a392 (base 14) in base 12?
-9a0a64
-1535542 (base 6) to base 8
-261126
Convert 75885 (base 13) to base 9.
353280
Convert a581b8 (base 16) to base 6.
1024251544
Convert 51152b (base 13) to base 10.
1888105
What is 112795 (base 16) in base 13?
304945
What is 15014540 (base 6) in base 12?
20a450
-346352 (base 9) to base 14
-55b71
240301004 (base 5) to base 9
2061337
What is -49860 (base 15) in base 10?
-234765
What is -5b2847 (base 13) in base 10?
-2176441
-2304202042 (base 5) to base 13
-10b2a65
What is 1010111101011001000 (base 2) in base 3?
200020121110
Convert 100011101101101111011 (base 2) to base 5.
244422144
-102111121000121 (base 3) to base 10
-6113410
What is -365c9e (base 15) in base 8?
-11731177
What is 2041410 (base 9) in base 3?
2001101110100
ad9861 (base 14) to base 2
10110100001011001111101
What is 5825590 (base 10) in base 4?
112032100312
128077 (base 9) to base 6
1401241
What is 1213313 (base 5) in base 11?
16281
Convert 46617 (base 10) to base 12.
22b89
Convert -59024b (base 12) to base 15.
-1d408b
What is -2202001221211 (base 3) in base 11?
-906436
1ab8338 (base 12) to base 14
a8b4ba
-1107854 (base 9) to base 12
-2490aa
Convert 506173 (base 16) to base 15.
6e0c87
222120012 (base 3) to base 16
4ba4
What is 162451421 (base 7) in base 13?
238b5b4
What is 64236641 (base 7) in base 3?
101021010220222
-21326ab (base 12) to base 2
-10111111111000001100011
Convert 2427b2 (base 14) to base 9.
2283827
-177a217 (base 11) to base 8
-13400477
4542893 (base 10) to base 9
8483608
What is -13034113 (base 5) in base 16?
-1f1b0
-6ad98b (base 14) to base 5
-1413224123
What is 261116 (base 9) in base 16?
26a51
-7048a (base 14) to base 13
-95a73
What is 13003405 (base 6) in base 14?
ad461
Convert -1100001001101010100001 (base 2) to base 7.
-36034425
Convert 168c (base 15) to base 10.
4857
What is 8282602 (base 9) in base 6?
234453432
What is -244342 (base 5) in base 10?
-9347
Convert -123218 (base 9) to base 14.
-1d241
What is -1cc2560 (base 13) in base 10?
-9630374
Convert -143151541 (base 6) to base 16.
-2d1315
Convert -1110111011111110000 (base 2) to base 16.
-777f0
Convert 3001021111 (base 4) to base 2.
11000001001001010101
What is 2212010201 (base 3) in base 6?
1112201
-4772104 (base 11) to base 6
-454145151
-23121063 (base 7) to base 3
-10210201201000
-10101120111 (base 3) to base 9
-111514
-21111201122021 (base 3) to base 13
-a9931b
What is -1143355 (base 6) in base 9?
-101768
Convert -4984c0 (base 13) to base 6.
-101423021
2320202312 (base 4) to base 8
2704266
What is -13524 (base 10) in base 3?
-200112220
What is -2605557 (base 9) in base 5?
-330440103
What is -12012122111 (base 3) in base 16?
-19084
e6d1 (base 16) to base 14
17769
285b76c (base 13) to base 15
11ca43c
Convert 1035